{"id":5983,"date":"2022-04-15T09:27:02","date_gmt":"2022-04-15T09:27:02","guid":{"rendered":"https:\/\/wegg.it\/?page_id=5983"},"modified":"2023-04-21T10:17:14","modified_gmt":"2023-04-21T10:17:14","slug":"cookies-policy","status":"publish","type":"page","link":"https:\/\/wegg.it\/eng\/cookies-policy\/","title":{"rendered":"cookies policy"},"content":{"rendered":"<div data-elementor-type=\"wp-page\" data-elementor-id=\"5983\" class=\"elementor elementor-5983\" data-elementor-post-type=\"page\">\n\t\t\t\t\t\t<section class=\"elementor-section elementor-top-section elementor-element elementor-element-f12694d elementor-section-boxed elementor-section-height-default elementor-section-height-default\" data-id=\"f12694d\" data-element_type=\"section\" data-e-type=\"section\" data-settings=\"{&quot;background_background&quot;:&quot;classic&quot;}\">\n\t\t\t\t\t\t<div class=\"elementor-container elementor-column-gap-default\">\n\t\t\t\t\t<div class=\"elementor-column elementor-col-100 elementor-top-column elementor-element elementor-element-cb7d44d\" data-id=\"cb7d44d\" data-element_type=\"column\" data-e-type=\"column\" data-settings=\"{&quot;background_background&quot;:&quot;classic&quot;}\">\n\t\t\t<div class=\"elementor-widget-wrap elementor-element-populated\">\n\t\t\t\t\t\t<div class=\"elementor-element elementor-element-709c7be elementor-widget elementor-widget-text-editor\" data-id=\"709c7be\" data-element_type=\"widget\" data-e-type=\"widget\" data-widget_type=\"text-editor.default\">\n\t\t\t\t<div class=\"elementor-widget-container\">\n\t\t\t\t\t\t\t\t\t<span>\nIl Titolare riceve e registra informazioni provenienti dal tuo browser quando si usano i nostri Siti, che possono includere anche dati personali. Utilizziamo i cookie per raccogliere queste informazioni, che possono includere fra le altre anche: (i) indirizzo IP; (ii) unique cookie identifier, informazioni sui cookie e informazioni circa il fatto che il dispositivo disponga di software per accedere a determinate funzionalit\u00e0; (iii) unique device identifier e tipo di dispositivo; (iv) dominio, tipo di browser e lingua, (v) sistema operativo e impostazioni di sistema; (vi) paese e fuso orario; (vii) siti web precedentemente visitati; (viii) informazioni sulla vostra interazione con i nostri Siti, come i click effettuati, gli acquisti e le preferenze indicate; e (ix) tempi di accesso e URL di riferimento.\n\nAnche terze parti possono raccogliere informazioni dai Siti tramite cookie. Le terze parti raccolgono i dati direttamente dal vostro browser web e l\u2019elaborazione ed il trattamento di questi dati \u00e8 soggetta alle rispettive privacy policies.\n\nUtilizziamo cookie per monitorare l\u2019utilizzo dei Siti da parte dei nostri clienti e per comprendere le loro preferenze (come le scelte del paese e della lingua). Questo ci consente di fornire servizi ai nostri clienti e migliorare la loro esperienza online. Utilizziamo inoltre cookie per ottenere dati aggregati relativi al traffico del sito e relativi all\u2019interazione sul sito, per identificare le tendenze e ottenere statistiche in modo da poter sempre migliorare i nostri Siti.\n\nEsistono essenzialmente tre categorie di cookie utilizzati sui nostri siti:\n<\/span>\n\n\n<section class=\"elementor-section elementor-top-section elementor-element elementor-element-d13cf9f elementor-section-boxed elementor-section-height-default elementor-section-height-default\" data-id=\"d13cf9f\" data-element_type=\"section\">\n<div class=\"elementor-container elementor-column-gap-default\">\n<div class=\"elementor-row\">\n<div class=\"elementor-column elementor-col-100 elementor-top-column elementor-element elementor-element-19241ab\" data-id=\"19241ab\" data-element_type=\"column\">\n<div class=\"elementor-column-wrap elementor-element-populated\">\n<div class=\"elementor-widget-wrap\"><section class=\"elementor-section elementor-inner-section elementor-element elementor-element-8c847c5 elementor-section-boxed elementor-section-height-default elementor-section-height-default\" data-id=\"8c847c5\" data-element_type=\"section\">\n<div class=\"elementor-container elementor-column-gap-default\">\n<div class=\"elementor-row\">\n<div class=\"elementor-column elementor-col-33 elementor-inner-column elementor-element elementor-element-f37d654\" data-id=\"f37d654\" data-element_type=\"column\" data-settings=\"{\">\n<div class=\"elementor-column-wrap elementor-element-populated\">\n<div class=\"elementor-widget-wrap\">\n<div class=\"elementor-element elementor-element-7895451 elementor-widget elementor-widget-text-editor\" data-id=\"7895451\" data-element_type=\"widget\" data-widget_type=\"text-editor.default\">\n<div class=\"elementor-widget-container\">\n<div class=\"elementor-text-editor elementor-clearfix\"><\/div>\n<\/div>\n<\/div>\n<\/div>\n<\/div>\n<\/div>\n<\/div>\n<\/div>\n<\/section><\/div>\n<\/div>\n<\/div>\n<\/div>\n<\/div>\n<\/section>\t\t\t\t\t\t\t\t<\/div>\n\t\t\t\t<\/div>\n\t\t\t\t<section class=\"elementor-section elementor-inner-section elementor-element elementor-element-fb6092f elementor-section-boxed elementor-section-height-default elementor-section-height-default\" data-id=\"fb6092f\" data-element_type=\"section\" data-e-type=\"section\">\n\t\t\t\t\t\t<div class=\"elementor-container elementor-column-gap-default\">\n\t\t\t\t\t<div class=\"elementor-column elementor-col-33 elementor-inner-column elementor-element elementor-element-80475b2\" data-id=\"80475b2\" data-element_type=\"column\" data-e-type=\"column\">\n\t\t\t<div class=\"elementor-widget-wrap elementor-element-populated\">\n\t\t\t\t\t\t<div class=\"elementor-element elementor-element-4944a33 elementor-widget elementor-widget-heading\" data-id=\"4944a33\" data-element_type=\"widget\" data-e-type=\"widget\" data-widget_type=\"heading.default\">\n\t\t\t\t<div class=\"elementor-widget-container\">\n\t\t\t\t\t<h2 class=\"elementor-heading-title elementor-size-default\">FUNZIONALI<\/h2>\t\t\t\t<\/div>\n\t\t\t\t<\/div>\n\t\t\t\t<div class=\"elementor-element elementor-element-6e53116 elementor-widget elementor-widget-text-editor\" data-id=\"6e53116\" data-element_type=\"widget\" data-e-type=\"widget\" data-widget_type=\"text-editor.default\">\n\t\t\t\t<div class=\"elementor-widget-container\">\n\t\t\t\t\t\t\t\t\t<p>Questi cookie sono necessari per le funzionalit\u00e0 di base del Sito e sono di conseguenza sempre abilitati. Questi includono i cookie che consentono di ricordare gli utenti nel momento in cui si naviga sul Sito in una singola sessione o, se richiesto, da una sessione all\u2019altra. Aiutano a fornire l\u2019assistenza per problemi di sicurezza e di conformit\u00e0 alle normative.<\/p>\t\t\t\t\t\t\t\t<\/div>\n\t\t\t\t<\/div>\n\t\t\t\t\t<\/div>\n\t\t<\/div>\n\t\t\t\t<div class=\"elementor-column elementor-col-33 elementor-inner-column elementor-element elementor-element-3f8a768\" data-id=\"3f8a768\" data-element_type=\"column\" data-e-type=\"column\">\n\t\t\t<div class=\"elementor-widget-wrap elementor-element-populated\">\n\t\t\t\t\t\t<div class=\"elementor-element elementor-element-4cc688d elementor-widget elementor-widget-heading\" data-id=\"4cc688d\" data-element_type=\"widget\" data-e-type=\"widget\" data-widget_type=\"heading.default\">\n\t\t\t\t<div class=\"elementor-widget-container\">\n\t\t\t\t\t<h2 class=\"elementor-heading-title elementor-size-default\">PRESTAZIONI<\/h2>\t\t\t\t<\/div>\n\t\t\t\t<\/div>\n\t\t\t\t<div class=\"elementor-element elementor-element-dc60c0b elementor-widget elementor-widget-text-editor\" data-id=\"dc60c0b\" data-element_type=\"widget\" data-e-type=\"widget\" data-widget_type=\"text-editor.default\">\n\t\t\t\t<div class=\"elementor-widget-container\">\n\t\t\t\t\t\t\t\t\t<p>These\u00a0<em>cookie<\/em>\u00a0consentono di migliorare la funzionalit\u00e0 dei nostri Siti monitorandone l\u2019utilizzo. In alcuni casi, questi\u00a0<em>cookie<\/em>\u00a0migliorano la velocit\u00e0 di elaborazione delle richieste e consentono di memorizzare le preferenze del sito selezionato. Rifiutare questi\u00a0<em>cookie<\/em>\u00a0pu\u00f2 portare a delle indicazioni poco specifiche e ad un funzionamento pi\u00f9 lento del sito.<\/p>\t\t\t\t\t\t\t\t<\/div>\n\t\t\t\t<\/div>\n\t\t\t\t\t<\/div>\n\t\t<\/div>\n\t\t\t\t<div class=\"elementor-column elementor-col-33 elementor-inner-column elementor-element elementor-element-3c841c7\" data-id=\"3c841c7\" data-element_type=\"column\" data-e-type=\"column\">\n\t\t\t<div class=\"elementor-widget-wrap elementor-element-populated\">\n\t\t\t\t\t\t<div class=\"elementor-element elementor-element-034f2bc elementor-widget elementor-widget-heading\" data-id=\"034f2bc\" data-element_type=\"widget\" data-e-type=\"widget\" data-widget_type=\"heading.default\">\n\t\t\t\t<div class=\"elementor-widget-container\">\n\t\t\t\t\t<h2 class=\"elementor-heading-title elementor-size-default\">SOCIAL MEDIA E PUBBLICIT\u00c0<\/h2>\t\t\t\t<\/div>\n\t\t\t\t<\/div>\n\t\t\t\t<div class=\"elementor-element elementor-element-7113a90 elementor-widget elementor-widget-text-editor\" data-id=\"7113a90\" data-element_type=\"widget\" data-e-type=\"widget\" data-widget_type=\"text-editor.default\">\n\t\t\t\t<div class=\"elementor-widget-container\">\n\t\t\t\t\t\t\t\t\t<p>In conclusion\u00a0<em>cookie<\/em>\u00a0relativi ai\u00a0<em>social medi<\/em>a offrono la possibilit\u00e0 di connettersi ai social network (nello specifico Facebook, Instagram) e condividere contenuti dei nostri siti attraverso i\u00a0<em>social media<\/em>. I\u00a0<em>cookie<\/em>\u00a0pubblicitari (di terze parti) raccolgono informazioni per aiutare ad adattare meglio la pubblicit\u00e0 ai vostri interessi, sia all\u2019interno che all\u2019esterno dei nostri Siti. In alcuni casi, questi cookie comportano il trattamento dei vostri dati personali. Rifiutare questi\u00a0<em>cookie<\/em>\u00a0pu\u00f2 comportare la visualizzazione di pubblicit\u00e0 di nessun interesse per te o l\u2019impossibilit\u00e0 di collegarsi in modo efficace con i social network e \/ o di condividere contenuti sui\u00a0<em>social media<\/em>.<\/p>\t\t\t\t\t\t\t\t<\/div>\n\t\t\t\t<\/div>\n\t\t\t\t\t<\/div>\n\t\t<\/div>\n\t\t\t\t\t<\/div>\n\t\t<\/section>\n\t\t\t\t<div class=\"elementor-element elementor-element-1d1b3ca elementor-widget elementor-widget-text-editor\" data-id=\"1d1b3ca\" data-element_type=\"widget\" data-e-type=\"widget\" data-widget_type=\"text-editor.default\">\n\t\t\t\t<div class=\"elementor-widget-container\">\n\t\t\t\t\t\t\t\t\t<p>Per un riepilogo completo e aggiornato di tutte le terze parti che accedono al web browser, \u00e8 consigliabile installare un web browser plug-in creato appositamente. Si pu\u00f2 anche scegliere che il computer invii un avviso ogni volta che viene inviato un cookie, oppure si pu\u00f2 scegliere di disattivare tutti i cookie. Lo si pu\u00f2 fare nelle impostazioni del browser su ciascun browser e dispositivo che viene utilizzato. Ogni browser \u00e8 in parte diverso, quindi si dovr\u00e0 consultare il menu guida del browser per conoscere il modo corretto di modificare i cookie. Se si disattivano i cookie, si potrebbe non avere accesso a molte funzionalit\u00e0 che rendono i nostri Siti pi\u00f9 efficienti e alcuni dei nostri servizi non funzioneranno correttamente.<\/p>\t\t\t\t\t\t\t\t<\/div>\n\t\t\t\t<\/div>\n\t\t\t\t<div class=\"elementor-element elementor-element-3e37c47 elementor-widget elementor-widget-heading\" data-id=\"3e37c47\" data-element_type=\"widget\" data-e-type=\"widget\" data-widget_type=\"heading.default\">\n\t\t\t\t<div class=\"elementor-widget-container\">\n\t\t\t\t\t<h2 class=\"elementor-heading-title elementor-size-default\">COME LIMITARE O DISABILITARE I COOKIE<\/h2>\t\t\t\t<\/div>\n\t\t\t\t<\/div>\n\t\t\t\t<div class=\"elementor-element elementor-element-6ab11cc elementor-widget elementor-widget-text-editor\" data-id=\"6ab11cc\" data-element_type=\"widget\" data-e-type=\"widget\" data-widget_type=\"text-editor.default\">\n\t\t\t\t<div class=\"elementor-widget-container\">\n\t\t\t\t\t\t\t\t\t<p><span style=\"color: var( --e-global-color-text ); font-size: 1rem;\">Fai attenzione, disabilitando i cookies questo sito web potrebbe non funzionare correttamente.<\/span><\/p><p>Hai la possibilit\u00e0 di selezionare\/deselezionare i singoli cookie intervenendo direttamente dal browser. Qui di seguito le istruzioni relative ai browser pi\u00f9 diffusi. Ogni browser offre metodi per limitare o disabilitare i cookie.<\/p><p>Per maggiori informazioni sulla gestione dei cookie visitate i link appropriati:<br \/><a href=\"https:\/\/support.microsoft.com\/it-it\/help\/17442\/windows-internet-explorer-delete-manage-cookies\" target=\"_blank\" rel=\"noopener\">Internet Explorer<\/a>\u00a0\u2013\u00a0<a href=\"https:\/\/support.mozilla.org\/it\/kb\/Attivare%20e%20disattivare%20i%20cookie\" target=\"_blank\" rel=\"noopener\">Firefox<\/a>\u00a0\u2013\u00a0<a href=\"https:\/\/support.google.com\/chrome\/answer\/95647?co=GENIE.Platform%3DDesktop&amp;hl=it\" target=\"_blank\" rel=\"noopener\">Chrome<\/a>\u00a0\u2013\u00a0<a href=\"https:\/\/support.apple.com\/it-it\/guide\/safari\/sfri11471\/mac\" target=\"_blank\" rel=\"noopener\">Safari<\/a><\/p>\t\t\t\t\t\t\t\t<\/div>\n\t\t\t\t<\/div>\n\t\t\t\t<section class=\"elementor-section elementor-inner-section elementor-element elementor-element-fc39f98 elementor-section-boxed elementor-section-height-default elementor-section-height-default\" data-id=\"fc39f98\" data-element_type=\"section\" data-e-type=\"section\">\n\t\t\t\t\t\t<div class=\"elementor-container elementor-column-gap-default\">\n\t\t\t\t\t<div class=\"elementor-column elementor-col-50 elementor-inner-column elementor-element elementor-element-7ab5af9\" data-id=\"7ab5af9\" data-element_type=\"column\" data-e-type=\"column\">\n\t\t\t<div class=\"elementor-widget-wrap elementor-element-populated\">\n\t\t\t\t\t\t<div class=\"elementor-element elementor-element-7ec1b0c elementor-widget elementor-widget-heading\" data-id=\"7ec1b0c\" data-element_type=\"widget\" data-e-type=\"widget\" data-widget_type=\"heading.default\">\n\t\t\t\t<div class=\"elementor-widget-container\">\n\t\t\t\t\t<h2 class=\"elementor-heading-title elementor-size-default\">Internet Explorer 8.0+<\/h2>\t\t\t\t<\/div>\n\t\t\t\t<\/div>\n\t\t\t\t<div class=\"elementor-element elementor-element-70e5d78 elementor-widget elementor-widget-text-editor\" data-id=\"70e5d78\" data-element_type=\"widget\" data-e-type=\"widget\" data-widget_type=\"text-editor.default\">\n\t\t\t\t<div class=\"elementor-widget-container\">\n\t\t\t\t\t\t\t\t\t<p>Fare clic su \u201cStrumenti\u201d nella barra dei men\u00f9 e selezionare \u201cOpzioni Internet\u201d.<br \/>Fare clic sulla scheda \u201cPrivacy\u201d nella parte superiore.<br \/>Trascinare il dispositivo di scorrimento fino a \u201cBlocca tutti i cookie\u201d.<\/p>\t\t\t\t\t\t\t\t<\/div>\n\t\t\t\t<\/div>\n\t\t\t\t\t<\/div>\n\t\t<\/div>\n\t\t\t\t<div class=\"elementor-column elementor-col-50 elementor-inner-column elementor-element elementor-element-1015215\" data-id=\"1015215\" data-element_type=\"column\" data-e-type=\"column\">\n\t\t\t<div class=\"elementor-widget-wrap elementor-element-populated\">\n\t\t\t\t\t\t<div class=\"elementor-element elementor-element-cbb98e9 elementor-widget elementor-widget-heading\" data-id=\"cbb98e9\" data-element_type=\"widget\" data-e-type=\"widget\" data-widget_type=\"heading.default\">\n\t\t\t\t<div class=\"elementor-widget-container\">\n\t\t\t\t\t<h2 class=\"elementor-heading-title elementor-size-default\">Firefox 4.0+<\/h2>\t\t\t\t<\/div>\n\t\t\t\t<\/div>\n\t\t\t\t<div class=\"elementor-element elementor-element-4af0ed7 elementor-widget elementor-widget-text-editor\" data-id=\"4af0ed7\" data-element_type=\"widget\" data-e-type=\"widget\" data-widget_type=\"text-editor.default\">\n\t\t\t\t<div class=\"elementor-widget-container\">\n\t\t\t\t\t\t\t\t\t<p>Fare clic su \u201cStrumenti\u201d nella barra dei menu.<br \/>Selezionare \u201cOpzioni\u201d.<br \/>Fare clic sulla scheda \u201cPrivacy\u201d.<br \/>Selezionare la casella \u201cAttiva l\u2019opzione anti-tracciamento dei dati personali\u201d.<\/p>\t\t\t\t\t\t\t\t<\/div>\n\t\t\t\t<\/div>\n\t\t\t\t\t<\/div>\n\t\t<\/div>\n\t\t\t\t\t<\/div>\n\t\t<\/section>\n\t\t\t\t<section class=\"elementor-section elementor-inner-section elementor-element elementor-element-3d32b76 elementor-section-boxed elementor-section-height-default elementor-section-height-default\" data-id=\"3d32b76\" data-element_type=\"section\" data-e-type=\"section\">\n\t\t\t\t\t\t<div class=\"elementor-container elementor-column-gap-default\">\n\t\t\t\t\t<div class=\"elementor-column elementor-col-50 elementor-inner-column elementor-element elementor-element-581a861\" data-id=\"581a861\" data-element_type=\"column\" data-e-type=\"column\">\n\t\t\t<div class=\"elementor-widget-wrap elementor-element-populated\">\n\t\t\t\t\t\t<div class=\"elementor-element elementor-element-0cfd78d elementor-widget elementor-widget-heading\" data-id=\"0cfd78d\" data-element_type=\"widget\" data-e-type=\"widget\" data-widget_type=\"heading.default\">\n\t\t\t\t<div class=\"elementor-widget-container\">\n\t\t\t\t\t<h2 class=\"elementor-heading-title elementor-size-default\">Chrome<\/h2>\t\t\t\t<\/div>\n\t\t\t\t<\/div>\n\t\t\t\t<div class=\"elementor-element elementor-element-6597166 elementor-widget elementor-widget-text-editor\" data-id=\"6597166\" data-element_type=\"widget\" data-e-type=\"widget\" data-widget_type=\"text-editor.default\">\n\t\t\t\t<div class=\"elementor-widget-container\">\n\t\t\t\t\t\t\t\t\t<p>Fare clic sul \u201cMenu chrome\u201d nella barra degli strumenti del browser.<br \/>Selezionare \u201cImpostazioni\u201d.<br \/>Fare clic su \u201cMostra impostazioni avanzate\u201d.<br \/>Nella sezione Privacy, fare clic sul pulsante \u201cImpostazioni contenuti\u201d.<br \/>Nella sezione \u201cCookie\u201d selezionare \u201cIgnora le eccezioni e blocca l\u2019impostazione dei cookie di terze parti\u201d.<\/p>\t\t\t\t\t\t\t\t<\/div>\n\t\t\t\t<\/div>\n\t\t\t\t\t<\/div>\n\t\t<\/div>\n\t\t\t\t<div class=\"elementor-column elementor-col-50 elementor-inner-column elementor-element elementor-element-5d38066\" data-id=\"5d38066\" data-element_type=\"column\" data-e-type=\"column\">\n\t\t\t<div class=\"elementor-widget-wrap elementor-element-populated\">\n\t\t\t\t\t\t<div class=\"elementor-element elementor-element-7d82008 elementor-widget elementor-widget-heading\" data-id=\"7d82008\" data-element_type=\"widget\" data-e-type=\"widget\" data-widget_type=\"heading.default\">\n\t\t\t\t<div class=\"elementor-widget-container\">\n\t\t\t\t\t<h2 class=\"elementor-heading-title elementor-size-default\">Safari 5.0<\/h2>\t\t\t\t<\/div>\n\t\t\t\t<\/div>\n\t\t\t\t<div class=\"elementor-element elementor-element-30432e2 elementor-widget elementor-widget-text-editor\" data-id=\"30432e2\" data-element_type=\"widget\" data-e-type=\"widget\" data-widget_type=\"text-editor.default\">\n\t\t\t\t<div class=\"elementor-widget-container\">\n\t\t\t\t\t\t\t\t\t<p>Fare clic sul menu Safari e selezionare \u201cPreferenze\u201d.<br \/>Fare clic sulla scheda \u201cSicurezza\u201d.<br \/>Nella sezione \u201cAccetta cookie\u201d specificare se accettare i cookie sempre, mai o solo dai siti visitati. Per una spiegazione delle diverse opzioni fare clic sul pulsante Guida a forma di punto interrogativo. Se Safari \u00e8 impostato per bloccare i cookie, potrebbe essere necessario accettarli temporaneamente per l\u2019apertura della pagina. Ripetere quindi i passaggi indicati sopra e selezionare \u201cSempre\u201d. Una volta terminato di utilizzare la guida, disattivare nuovamente i cookie e cancellarli.<\/p>\t\t\t\t\t\t\t\t<\/div>\n\t\t\t\t<\/div>\n\t\t\t\t\t<\/div>\n\t\t<\/div>\n\t\t\t\t\t<\/div>\n\t\t<\/section>\n\t\t\t\t\t<\/div>\n\t\t<\/div>\n\t\t\t\t\t<\/div>\n\t\t<\/section>\n\t\t\t\t<\/div>","protected":false},"excerpt":{"rendered":"<p>Il Titolare riceve e registra informazioni provenienti dal tuo browser quando si usano i nostri Siti, che possono includere anche dati personali. Utilizziamo i cookie per raccogliere queste informazioni, che possono includere fra le altre anche: (i) indirizzo IP; (ii) unique cookie identifier, informazioni sui cookie e informazioni circa il fatto che il dispositivo disponga [&hellip;]<\/p>\n","protected":false},"author":8827,"featured_media":0,"parent":0,"menu_order":0,"comment_status":"closed","ping_status":"closed","template":"","meta":{"inline_featured_image":false,"footnotes":""},"class_list":["post-5983","page","type-page","status-publish","hentry"],"yoast_head":"<!-- This site is optimized with the Yoast SEO plugin v27.1.1 - https:\/\/yoast.com\/product\/yoast-seo-wordpress\/ -->\n<title>cookies policy - WEGG<\/title>\n<meta name=\"robots\" content=\"noindex, nofollow\" \/>\n<meta property=\"og:locale\" content=\"en_US\" \/>\n<meta property=\"og:type\" content=\"article\" \/>\n<meta property=\"og:title\" content=\"cookies policy - WEGG\" \/>\n<meta property=\"og:description\" content=\"Il Titolare riceve e registra informazioni provenienti dal tuo browser quando si usano i nostri Siti, che possono includere anche dati personali. Utilizziamo i cookie per raccogliere queste informazioni, che possono includere fra le altre anche: (i) indirizzo IP; (ii) unique cookie identifier, informazioni sui cookie e informazioni circa il fatto che il dispositivo disponga [&hellip;]\" \/>\n<meta property=\"og:url\" content=\"https:\/\/wegg.it\/eng\/cookies-policy\/\" \/>\n<meta property=\"og:site_name\" content=\"WEGG\" \/>\n<meta property=\"article:modified_time\" content=\"2023-04-21T10:17:14+00:00\" \/>\n<meta name=\"twitter:card\" content=\"summary_large_image\" \/>\n<meta name=\"twitter:label1\" content=\"Est. reading time\" \/>\n\t<meta name=\"twitter:data1\" content=\"5 minutes\" \/>\n<script type=\"application\/ld+json\" class=\"yoast-schema-graph\">{\"@context\":\"https:\/\/schema.org\",\"@graph\":[{\"@type\":\"WebPage\",\"@id\":\"https:\/\/wegg.it\/cookies-policy\/\",\"url\":\"https:\/\/wegg.it\/cookies-policy\/\",\"name\":\"cookies policy - WEGG\",\"isPartOf\":{\"@id\":\"https:\/\/www.wegg.it\/#website\"},\"datePublished\":\"2022-04-15T09:27:02+00:00\",\"dateModified\":\"2023-04-21T10:17:14+00:00\",\"breadcrumb\":{\"@id\":\"https:\/\/wegg.it\/cookies-policy\/#breadcrumb\"},\"inLanguage\":\"en-US\",\"potentialAction\":[{\"@type\":\"ReadAction\",\"target\":[\"https:\/\/wegg.it\/cookies-policy\/\"]}]},{\"@type\":\"BreadcrumbList\",\"@id\":\"https:\/\/wegg.it\/cookies-policy\/#breadcrumb\",\"itemListElement\":[{\"@type\":\"ListItem\",\"position\":1,\"name\":\"Home\",\"item\":\"https:\/\/wegg.it\/\"},{\"@type\":\"ListItem\",\"position\":2,\"name\":\"cookies policy\"}]},{\"@type\":\"WebSite\",\"@id\":\"https:\/\/www.wegg.it\/#website\",\"url\":\"https:\/\/www.wegg.it\/\",\"name\":\"WEGG\",\"description\":\"The Impact factory\",\"publisher\":{\"@id\":\"https:\/\/www.wegg.it\/#organization\"},\"potentialAction\":[{\"@type\":\"SearchAction\",\"target\":{\"@type\":\"EntryPoint\",\"urlTemplate\":\"https:\/\/www.wegg.it\/?s={search_term_string}\"},\"query-input\":{\"@type\":\"PropertyValueSpecification\",\"valueRequired\":true,\"valueName\":\"search_term_string\"}}],\"inLanguage\":\"en-US\"},{\"@type\":\"Organization\",\"@id\":\"https:\/\/www.wegg.it\/#organization\",\"name\":\"WEGG\",\"url\":\"https:\/\/www.wegg.it\/\",\"logo\":{\"@type\":\"ImageObject\",\"inLanguage\":\"en-US\",\"@id\":\"https:\/\/www.wegg.it\/#\/schema\/logo\/image\/\",\"url\":\"https:\/\/wegg.it\/wp-content\/uploads\/2022\/03\/cropped-WEGG-marchio-RGB.png\",\"contentUrl\":\"https:\/\/wegg.it\/wp-content\/uploads\/2022\/03\/cropped-WEGG-marchio-RGB.png\",\"width\":968,\"height\":236,\"caption\":\"WEGG\"},\"image\":{\"@id\":\"https:\/\/www.wegg.it\/#\/schema\/logo\/image\/\"},\"sameAs\":[\"https:\/\/it.linkedin.com\/company\/wegg-theimpactfactory\"]}]}<\/script>\n<!-- \/ Yoast SEO plugin. -->","yoast_head_json":{"title":"cookies policy - WEGG","robots":{"index":"noindex","follow":"nofollow"},"og_locale":"en_US","og_type":"article","og_title":"cookies policy - WEGG","og_description":"Il Titolare riceve e registra informazioni provenienti dal tuo browser quando si usano i nostri Siti, che possono includere anche dati personali. Utilizziamo i cookie per raccogliere queste informazioni, che possono includere fra le altre anche: (i) indirizzo IP; (ii) unique cookie identifier, informazioni sui cookie e informazioni circa il fatto che il dispositivo disponga [&hellip;]","og_url":"https:\/\/wegg.it\/eng\/cookies-policy\/","og_site_name":"WEGG","article_modified_time":"2023-04-21T10:17:14+00:00","twitter_card":"summary_large_image","twitter_misc":{"Est. reading time":"5 minutes"},"schema":{"@context":"https:\/\/schema.org","@graph":[{"@type":"WebPage","@id":"https:\/\/wegg.it\/cookies-policy\/","url":"https:\/\/wegg.it\/cookies-policy\/","name":"cookies policy - WEGG","isPartOf":{"@id":"https:\/\/www.wegg.it\/#website"},"datePublished":"2022-04-15T09:27:02+00:00","dateModified":"2023-04-21T10:17:14+00:00","breadcrumb":{"@id":"https:\/\/wegg.it\/cookies-policy\/#breadcrumb"},"inLanguage":"en-US","potentialAction":[{"@type":"ReadAction","target":["https:\/\/wegg.it\/cookies-policy\/"]}]},{"@type":"BreadcrumbList","@id":"https:\/\/wegg.it\/cookies-policy\/#breadcrumb","itemListElement":[{"@type":"ListItem","position":1,"name":"Home","item":"https:\/\/wegg.it\/"},{"@type":"ListItem","position":2,"name":"cookies policy"}]},{"@type":"WebSite","@id":"https:\/\/www.wegg.it\/#website","url":"https:\/\/www.wegg.it\/","name":"WEGG","description":"The Impact factory","publisher":{"@id":"https:\/\/www.wegg.it\/#organization"},"potentialAction":[{"@type":"SearchAction","target":{"@type":"EntryPoint","urlTemplate":"https:\/\/www.wegg.it\/?s={search_term_string}"},"query-input":{"@type":"PropertyValueSpecification","valueRequired":true,"valueName":"search_term_string"}}],"inLanguage":"en-US"},{"@type":"Organization","@id":"https:\/\/www.wegg.it\/#organization","name":"WEGG","url":"https:\/\/www.wegg.it\/","logo":{"@type":"ImageObject","inLanguage":"en-US","@id":"https:\/\/www.wegg.it\/#\/schema\/logo\/image\/","url":"https:\/\/wegg.it\/wp-content\/uploads\/2022\/03\/cropped-WEGG-marchio-RGB.png","contentUrl":"https:\/\/wegg.it\/wp-content\/uploads\/2022\/03\/cropped-WEGG-marchio-RGB.png","width":968,"height":236,"caption":"WEGG"},"image":{"@id":"https:\/\/www.wegg.it\/#\/schema\/logo\/image\/"},"sameAs":["https:\/\/it.linkedin.com\/company\/wegg-theimpactfactory"]}]}},"_links":{"self":[{"href":"https:\/\/wegg.it\/eng\/wp-json\/wp\/v2\/pages\/5983","targetHints":{"allow":["GET"]}}],"collection":[{"href":"https:\/\/wegg.it\/eng\/wp-json\/wp\/v2\/pages"}],"about":[{"href":"https:\/\/wegg.it\/eng\/wp-json\/wp\/v2\/types\/page"}],"author":[{"embeddable":true,"href":"https:\/\/wegg.it\/eng\/wp-json\/wp\/v2\/users\/8827"}],"replies":[{"embeddable":true,"href":"https:\/\/wegg.it\/eng\/wp-json\/wp\/v2\/comments?post=5983"}],"version-history":[{"count":1,"href":"https:\/\/wegg.it\/eng\/wp-json\/wp\/v2\/pages\/5983\/revisions"}],"predecessor-version":[{"id":33561,"href":"https:\/\/wegg.it\/eng\/wp-json\/wp\/v2\/pages\/5983\/revisions\/33561"}],"wp:attachment":[{"href":"https:\/\/wegg.it\/eng\/wp-json\/wp\/v2\/media?parent=5983"}],"curies":[{"name":"wp","href":"https:\/\/api.w.org\/{rel}","templated":true}]}}